en 263 is divided by t(1)?
51
Let n = 15 - -1. Let y be -97*2*2/(-4). Let s = 160 - y. What is the remainder when s is divided by n?
15
Suppose 4*j - 8 = 2*j. Let c(l) = 3*l + 4*l**2 - j*l - 4 + 2*l. Calculate the remainder when c(-3) is divided by 16.
13
Suppose 28*z = 32*z + 3*i - 51, -3*z + 5*i = -60. Let f be (-1 + 1)/(-5 + 6). Suppose 0 = -f*a + 2*a - 8. What is the remainder when z is divided by a?
3
Suppose -8 = 2*r - 6*r. Suppose -3*w + r*n + 75 = -43, 0 = -4*w + 4*n + 164. What is the remainder when w is divided by 19?
17
Suppose 0*a = 2*o - a - 14, 2*o - 18 = 2*a. Let b be 6/(-9) + 4/6. Suppose -o*h + 187 + 8 = b. Calculate the remainder when h is divided by 10.
9
Suppose 3*t - 214 = -34. Calculate the remainder when -1 + 4 + t - -2 is divided by 34.
31
Suppose -5*a + 30 = -5*m + 110, 5*a = -3*m - 72. Let i = -46 + 16. What is the remainder when 15 is divided by i/3*6/a?
3
Suppose 5*n - 4*n + 1 = 0. Let o be 2*(2/(-2))/n. Suppose 5*d + 3 = o*p, 5*p - 38 = 3*d + 17. What is the remainder when 27 is divided by p?
13
Let o(n) = 2*n**2 - 6*n + 3. Let f(a) = -a**2 + 34*a - 231. What is the remainder when o(5) is divided by f(24)?
5
Suppose 2*h - 2*a - a - 306 = 0, -4*h = 4*a - 652. Suppose -3*f - 3*k = h, -3*k + k = -5*f - 286. Calculate the remainder when 3 is divided by f/(-21) + 1/3.
0
Suppose 5*k + 3*y - y + 189 = 0, k + y + 36 = 0. Let a = -35 - k. Suppose l = 5*x - 60, 21 = 5*x - a*l - 24. Calculate the remainder when 25 is divided by x.
12
Suppose -n - 19*n + 3240 = 0. What is the remainder when n is divided by 60?
42
Let x(m) = -m**3 + 10*m**2 - 2*m - 3. Let n be x(6). Suppose 3*f - n = 12. Calculate the remainder when f is divided by 16.
15
Suppose -30 = 3*b + 105. Let d = b - -77. Calculate the remainder when 93 is divided by d.
29
Suppose -3 = -r - 14. Let k = r - -21. Suppose -4*j - k = -5*j. What is the remainder when j is divided by 4?
2
Suppose 88*g - 233 + 57 = 0. Suppose -6*i = -i - 50. Calculate the remainder when i is divided by g.
0
Let o(g) = g**3 - 7*g**2 + 5*g - 8. Suppose 5*x - 45 = 2*j + 3*j, -5*j - 4*x = 36. Let a be (-2)/j - 27/(-4). What is the remainder when o(a) is divided by 15?
12
Suppose 0 = -7*z + 4*z - s + 66, 0 = 3*z + 3*s - 60. What is the remainder when 85 is divided by 1 + (z - (-8)/(-3 - 1))?
19
Suppose -5*i + 1724 - 213 = 2*b, 5*i - 1523 = 4*b. What is the remainder when i is divided by 51?
48
Let s(i) = 8*i + 40. Let x be s(13). Suppose -5*l + 399 = x. What is the remainder when 150 is divided by l?
48
Suppose 7*t - 4*r = 5*t + 70, -5*r + 220 = 5*t. Calculate the remainder when t is divided by 7.
6
Let j = -16 + 35. Suppose -l + 22 = j. What is the remainder when 14 is divided by l?
2
Suppose -278 = -5*v + 4*d - 2*d, v - 50 = -d. Suppose 2*k = v - 14. Suppose -339 = -4*m - 27. What is the remainder when m is divided by k?
18
What is the remainder when 2/(-18)*-277 + 2/9 is divided by 19?
12
Let p = -7 + 26. Let u = 23 - p. Suppose -4*d = 3*m - 33, u*d + 2*m = 2*d + 16. Calculate the remainder when d is divided by 6.
3
Let s(k) be the third derivative of k**6/120 - 2*k**5/15 - 5*k**4/12 + 7*k**3/2 + 30*k**2. What is the remainder when 32 is divided by s(9)?
8
Let q = -313 - -493. What is the remainder when (q/(-105))/((-2)/28) is divided by 7?
3
Let z = -76 - -147. Suppose 0 = 3*r + 66 - 174. What is the remainder when z is divided by r?
35
Let c be -2 + 0 + 0 + 89. Let b = 42 - c. Let w = 63 + b. What is the remainder when 69 is divided by w?
15
What is the remainder when 402 is divided by -5*714/(-35) - -13?
57
Let l(b) = 2*b**3 - 5*b**2 + b + 4. Suppose -74 = 3*g - 260. What is the remainder when g is divided by l(3)?
14
Let p = 19 + 27. What is the remainder when 182 is divided by p?
44
Calculate the remainder when (3190/30 - 1)*3/2 is divided by 41.
35
Suppose -s + 2*o + 62 - 10 = 0, 4*o = 5*s - 278. Calculate the remainder when s is divided by (23 + -21)*(-42)/(-4) + -1.
18
Let d be (-2 - (-8)/6)*-3. Suppose 120 = 16*n - n. Suppose 0 = 5*f + 3*q - n, 3*f + d*f - 6 = -q. Calculate the remainder when 2 is divided by f.
0
Let k be (-8)/16*(0 - 10). Suppose w - k = -q, 3*q = -w + 20 - 3. Calculate the remainder when q/15 + 804/15 is divided by 14.
12
Let q = 161 - 52. Calculate the remainder when q is divided by (4/(16/(-6)))/((-3532)/176 + 20).
21
Suppose -6 = 7*y - 62. Suppose 2*w = 5*p - 183, y*p + 3*w - 188 = 3*p. What is the remainder when 72 is divided by p?
35
Let w(n) = -n + 70. Calculate the remainder when w(18) is divided by 14.
10
Let t(w) = -4*w**3 - 13*w**2 - 8*w - 8. Calculate the remainder when 17/(2*(-2)/(-8)) is divided by t(-3).
6
Let u(d) = -5*d + 321. Calculate the remainder when u(-19) is divided by 42.
38
Suppose -3*x = 5*d - 17, 4*x + 6 = 2. Let k = 15 - d. Suppose u + 2*u - 42 = -5*j, -5*u + 86 = 3*j. What is the remainder when u is divided by k?
8
Suppose 8 = -2*h - 0, 5*n = 4*h + 101. Suppose m + 4*g = 19, -2*g + n = 3*m - 30. Calculate the remainder when 10 is divided by 70/m - 4/6.
2
Let f(g) = g**2 - g + 3. Let m be f(0). Let o = m - 60. Let s = -19 - o. What is the remainder when s is divided by 13?
12
Suppose -y - 2*a = 11, 4*y + 0*a + 44 = -a. What is the remainder when 110 is divided by (-33)/(-2) + y/22?
14
Suppose j = 4*r + 10, 6*r - 37 = -j + r. What is the remainder when 141 is divided by j?
9
Let k = -3 - -15. Suppose -8*v = -308 - 52. Calculate the remainder when v is divided by k.
9
Let w be (-2)/3 - (-2)/(-6). What is the remainder when w/(((-14)/(-54))/(-7)) is divided by 10?
7
Let d(n) = 6*n**2 - n + 1. Suppose 4*q + 0*q = -2*h + 14, -16 = -h + q. Suppose 15*p - 88 = h*p. Calculate the remainder when p is divided by d(2).
21
Suppose -2*o + 2 = -8, 4*s + 4*o - 108 = 0. Let i(v) = -v + 2. Let a be i(8). Let z(c) = -c**2 - 7*c + 6. Calculate the remainder when s is divided by z(a).
10
Suppose -3*f + 254 = -163. What is the remainder when f is divided by 20?
19
Let q(j) = 10*j**3. Let w be q(-1). Let k be (-5)/(w/12) + -1. Suppose -4*d = -k*u - 17 + 4, -u - 1 = 0. What is the remainder when d is divided by 2?
0
Suppose -29*b - x = -28*b - 49, 0 = -b - 3*x + 39. Calculate the remainder when 223 is divided by b.
7
Let l be (495/36 + 2/(-8))*4. Let d = l - 45. What is the remainder when 14 is divided by d?
5
Calculate the remainder when 13/78 + 5831/42 is divided by 70.
69
Suppose 3*z + 6 = -9. Let l(r) = r**3 + 6*r**2 - 2*r - 10. What is the remainder when 98 is divided by l(z)?
23
Let z = -332 - -814. Calculate the remainder when z is divided by 22.
20
Let o be ((-66)/55)/(((-9)/10)/3). Suppose -o*b + 2*p + 59 = -81, 2*b = -3*p + 62. What is the remainder when b is divided by 20?
14
Suppose -16*l = -20*l - 60. What is the remainder when 18 - 0 - (12 + l) is divided by 6?
3
Let z(u) = u**2 + 3*u + 7. What is the remainder when 14 is divided by z(-4)?
3
Suppose 0 = -0*h - 9*h + 702. Suppose -6*z + h + 12 = 0. Calculate the remainder when 52 is divided by z.
7
Suppose -7*f - 215 = -1111. Calculate the remainder when f is divided by 17.
9
Let d = -107 - -217. Suppose 206 = 4*z - y, 0*z = 2*z + 3*y - d. Calculate the remainder when z is divided by 16.
4
Suppose 5*r - 6 = 2*r. Suppose -2*v = r*v - 4*c - 44, -4*v + 26 = 2*c. Calculate the remainder when (32 - 3) + 24 + -23 is divided by v.
6
Let l(s) = 3*s**2 - 3*s - 8. Calculate the remainder when l(-3) is divided by 7 + 114/(-18) + 19/3.
0
Let q = -185 + 189. Calculate the remainder when q is divided by 2.
0
Let o(x) = 6*x**2 - 3 - 5*x**3 - 14*x**3 + 20*x**3 - 6*x - 2*x. Let g = -4 - -9. Calculate the remainder when g is divided by o(-7).
1
Let u(b) be the first derivative of b**4/4 - 19*b**3/3 + 21*b**2/2 + 34*b - 34. What is the remainder when u(18) is divided by 46?
42
Let g(c) = -2*c**2 + 103*c + 72. Calculate the remainder when g(51) is divided by 28.
11
Let i = 33 + -39. Calculate the remainder when 18 is divided by 9 + (i/(-9) - 0)*3.
7
What is the remainder when 1014/52*(-4)/(-3) is divided by 9?
8
Suppose 10*t - 6*t = 704. What is the remainder when t is divided by 30?
26
Let h(q) = -q**2 + 4*q + 20. Calculate the remainder when 103 is divided by h(6).
7
Suppose 72*t = -4*w + 74*t + 30, 0 = -5*w + 5*t + 25. What is the remainder when 325/3 + (-2)/6 is divided by w?
8
Let z be (6/7)/(3/(-21)). Calcula